in base 11?
2934
What is -47510 (base 10) in base 12?
-235b2
What is ce1 (base 15) in base 10?
2911
Convert -1002101 (base 3) to base 13.
-490
Convert 4602 (base 7) to base 14.
872
Convert 24506 (base 7) to base 8.
14431
Convert 183 (base 15) to base 7.
1005
Convert 1122323 (base 4) to base 11.
4410
What is 225 (base 9) in base 8?
271
Convert -313 (base 11) to base 15.
-1a2
1553 (base 11) to base 6
13122
Convert 12102 (base 7) to base 13.
1575
What is -62 (base 8) in base 15?
-35
Convert -33015 (base 7) to base 10.
-8244
4041 (base 10) to base 4
333021
What is 111000110000 (base 2) in base 11?
2802
2c7b (base 14) to base 7
32114
-31203 (base 4) to base 6
-4003
What is 121011 (base 3) in base 2?
110110100
What is 1a1 (base 16) in base 2?
110100001
Convert 202330 (base 4) to base 15.
9e1
-4088 (base 9) to base 3
-11002222
-94 (base 15) to base 10
-139
What is -149 (base 14) in base 5?
-2021
Convert 1ade (base 16) to base 9.
10382
What is 461b (base 13) in base 9?
14427
What is 52053 (base 8) in base 9?
32501
What is -967 (base 11) in base 15?
-527
What is 210011121 (base 3) in base 6?
155241
What is 9741 (base 14) in base 6?
320541
Convert 5832 (base 11) to base 14.
2b10
Convert -75 (base 8) to base 10.
-61
502 (base 8) to base 11
273
Convert 4040 (base 7) to base 5.
21100
What is 1354 (base 6) in base 2?
101100110
294 (base 13) to base 6
2043
What is 5504 (base 6) in base 9?
1654
What is -248 (base 12) in base 7?
-1001
What is 9bc (base 13) in base 15?
76b
-1222 (base 7) to base 5
-3312
342303 (base 5) to base 9
17658
Convert 86 (base 16) to base 12.
b2
3201210 (base 5) to base 12
26a21
Convert 14656 (base 7) to base 15.
133d
What is -14423 (base 5) in base 10?
-1238
-773 (base 9) to base 12
-449
-15591 (base 12) to base 5
-1431310
-1004 (base 9) to base 5
-10413
da (base 16) to base 11
189
What is 884 (base 10) in base 7?
2402
Convert 1126 (base 7) to base 14.
216
What is 6304 (base 7) in base 10?
2209
-316 (base 11) to base 16
-17c
What is -101000000010 (base 2) in base 14?
-d10
-146a (base 11) to base 8
-3543
Convert 3919 (base 15) to base 3.
121200220
Convert -11023 (base 4) to base 15.
-171
-1198 (base 11) to base 16
-617
-8 (base 16) to base 4
-20
Convert -503 (base 9) to base 3.
-120010
Convert 5400 (base 6) to base 3.
1200100
What is -63b4 (base 13) in base 16?
-360c
What is -80d (base 14) in base 9?
-2146
Convert 112030 (base 4) to base 2.
10110001100
What is 203 (base 14) in base 3?
112122
Convert -22633 (base 12) to base 5.
-2431311
253424 (base 7) to base 11
32232
a9b0 (base 13) to base 7
125622
-1123 (base 16) to base 15
-1477
-111010111001110 (base 2) to base 5
-1431113
What is 1342 (base 7) in base 9?
637
What is 121014 (base 6) in base 5?
314334
-309ab (base 12) to base 3
-10020021212
What is -1440 (base 11) in base 5?
-24414
What is -b0b (base 12) in base 9?
-2162
What is -404140 (base 5) in base 13?
-5c26
Convert -355260 (base 7) to base 10.
-64281
Convert 1383 (base 10) to base 15.
623
13727 (base 8) to base 12
3647
What is -4247 (base 9) in base 6?
-22241
1112211 (base 3) to base 4
101221
Convert -9a07 (base 15) to base 7.
-164065
Convert 17d6 (base 14) to base 16.
10d0
1111 (base 5) to base 6
420
Convert 33 (base 11) to base 6.
100
1001011110101 (base 2) to base 7
20102
19b (base 15) to base 8
563
Convert -23280 (base 10) to base 2.
-101101011110000
Convert -14020 (base 9) to base 2.
-10010100010111
What is -2023 (base 5) in base 11?
-21a
Convert -10 (base 2) to base 4.
-2
What is -32200 (base 4) in base 15?
-41d
What is 22022 (base 3) in base 5?
1344
Convert -3341 (base 11) to base 4.
-1010301
-1205 (base 11) to base 12
-ab6
What is 50850 (base 10) in base 2?
1100011010100010
What is -110020 (base 3) in base 2?
-101001010
2501 (base 10) to base 16
9c5
-172 (base 8) to base 6
-322
Convert 27 (base 11) to base 12.
25
355 (base 10) to base 16
163
What is 333 (base 14) in base 6?
2533
What is -512 (base 6) in base 7?
-356
What is 243 (base 11) in base 13?
193
231 (base 14) to base 7
1161
Convert 42a6 (base 13) to base 10.
9262
133133 (base 4) to base 12
11bb
10224 (base 7) to base 11
1989
What is 369 (base 14) in base 3?
221020
What is -137 (base 11) in base 6?
-425
Convert 82 (base 10) to base 6.
214
-33456 (base 9) to base 15
-68d0
Convert -12402 (base 6) to base 15.
-84e
Convert -541215 (base 6) to base 15.
-d228
18a5 (base 12) to base 16
bbd
1781 (base 15) to base 6
35251
Convert 1634 (base 12) to base 6.
20104
Convert 21121 (base 4) to base 8.
1131
-3158 (base 11) to base 3
-12201201
What is 2de (base 15) in base 13?
3b9
-160 (base 14) to base 15
-13a
Convert -14041 (base 6) to base 11.
-1707
What is -10000010 (base 3) in base 13?
-cc6
-10103 (base 4) to base 10
-275
Convert -1398 (base 13) to base 8.
-5415
10270 (base 10) to base 6
115314
5403 (base 6) to base 15
56c
What is 14138 (base 12) in base 8?
66274
Convert 17614 (base 9) to base 3.
121200111
32036 (base 8) to base 3
200022011
-46671 (base 8) to base 5
-1114042
140273 (base 8) to base 6
1020231
Convert 2937 (base 10) to base 4.
231321
Convert -1654 (base 7) to base 14.
-364
14ba9 (base 12) to base 3
1111021110
1021010 (base 3) to base 15
416
10010011111 (base 2) to base 7
3310
2781 (base 9) to base 6
13414
Convert -11050 (base 6) to base 10.
-1542
Convert 141434 (base 5) to base 4.
1123231
Convert -22211202 (base 3) to base 12.
-3892
-13336 (base 8) to base 3
-22000211
What is -7469 (base 11) in base 6?
-113420
124421 (base 8) to base 15
cc56
17b2 (base 16) to base 5
143231
Convert -110100010000010 (base 2) to base 8.
-64202
Convert 4bd7 (base 15) to base 7.
65110
5100 (base 7) to base 9
2370
What is 3ca (base 15) in base 9?
1161
6b4 (base 16) to base 14
8a8
Convert 5f8 (base 16) to base 14.
7b2
712 (base 10) to base 6
3144
Convert 135 (base 10) to base 15.
90
-1105 (base 6) to base 12
-195
Convert -86334 (base 9) to base 8.
-157460
-202200021 (base 3) to base 15
-46ed
What is -145d (base 14) in base 5?
-103421
What is 181 (base 11) in base 12?
156
What is 598 (base 12) in base 10?
836
What is c28 (base 14) in base 8?
4524
-3ed4 (base 16) to base 12
-9384
36896 (base 11) to base 3
2200200022
Convert 31067 (base 8) to base 3.
122122010
-10475 (base 13) to base 6
-343445
Convert -11101001 (base 2) to base 5.
-1413
1bc7 (base 16) to base 12
4147
What is 10111000110011 (base 2) in base 11?
8982
Convert -423442 (base 5) to base 12.
-82b3
What is 2000020 (base 3) in base 4?
112320
Convert -4302 (base 12) to base 8.
-16262
Convert 45017 (base 9) to base 16.
74d1
-10110001011 (base 2) to base 15
-649
5014 (base 11) to base 8
15016
Convert -217 (base 10) to base 9.
-261
Convert -31436 (base 7) to base 14.
-2b8d
What is -11a58 (base 11) in base 7?
-101164
What is -111001000111 (base 2) in base 7?
-13441
What is 11101 (base 8) in base 6?
33345
-1000110010011 (base 2) to base 11
-3420
What is 12b (base 13) in base 3?
21122
Convert -7413 (base 13) to base 10.
-16071
What is -137c3 (base 13) in base 14?
-d42a
-3214 (base 6) to base 4
-23122
What is 393 (base 14) in base 4?
23031
Convert -10110000100 (base 2) to base 3.
-1221022
61413 (base 8) to base 6
313215
Convert -10022220 (base 3) to base 13.
-1149
What is -101111001001 (base 2) in base 8?
-5711
Convert 5442 (base 6) to base 2.
10011100010
What is -13ed (base 16) in base 8?
-11755
Convert 773 (base 12) to base 7.
3123
What is 2101011 (base 3) in base 2?
11011000100
What is -11000 (base 11) in base 2?
-11111001100100
14313 (base 6) to base 4
203211
Convert 842 (base 10) to base 11.
6a6
What is 6aa5 (base 14) in base 8?
44211
Convert 3280 (base 14) to base 5.
234421
-1aa3 (base 13) to base 15
-12d0
Convert -2210233 (base 4) to base 14.
-3bb1
What is -1334 (base 5) in base 9?
-263
What is 36043 (base 7) in base 6?
111004
Convert 1331 (base 5) to base 7.
426
-3773 (base 9) to base 14
-1056
Convert 1210202 (base 3) to base 15.
5cb
What is -3165 (base 15) in base 6?
-120205
-102122212 (base 3) to base 4
-2010311
Convert 220222021 (base 3) to base 2.
100011100011101
What is 5372 (base 12) in base 3?
110120012
9434 (base 12) to base 15
4bcd
Convert 203311 (base 5) to base 10.
6706
Convert 1461 (base 7) to base 15.
28c
What is 2141 (base 7) in base 14?
3c8
-a03 (base 11) to base 4
-102331
What is 310111 (base 4) in base 8?
64